{"id":817,"date":"2017-04-23T12:56:57","date_gmt":"2017-04-23T10:56:57","guid":{"rendered":"http:\/\/monumentgut.at\/?page_id=817"},"modified":"2024-02-22T10:05:43","modified_gmt":"2024-02-22T09:05:43","slug":"impressum","status":"publish","type":"page","link":"http:\/\/monumentgut.at\/?page_id=817","title":{"rendered":"Impressum"},"content":{"rendered":"\n<p>INFORMATIONSPFLICHTEN GEM\u00c4SS MEDIENGESETZ UND E-COMMERCE GESETZ<\/p>\n\n\n\n<p>Die vorliegende Website ist ein online-Angebot von monumentGUT|Mag. Barbara P\u00f6ll im Internet<\/p>\n\n\n\n<p>Unter dieser Webadresse werden Informationen zu Projekten und Leistungen des Unternehmens monumentGUT|Mag. Barbara P\u00f6ll bereitgestellt.<\/p>\n\n\n\n<p><strong>Medieninhaber<\/strong><\/p>\n\n\n\n<p>Mag. Barbara P\u00f6ll<\/p>\n\n\n\n<p><\/p>\n\n\n\n<p><strong>F\u00fcr den Inhalt verantwortlich<\/strong><\/p>\n\n\n\n<p>monumentGUT|Mag. Barbara P\u00f6ll<\/p>\n\n\n\n<p>Franz-Baumann-Weg 22\/48<\/p>\n\n\n\n<p>A-6020 Innsbruck<\/p>\n\n\n\n<p>Mobil +43 680 110 45 66<\/p>\n\n\n\n<p>E-Mail monumentgut@aon.at<\/p>\n\n\n\n<p>Web monumentgut.at<\/p>\n\n\n\n<p>Rechtsform: Einzelunternehmen<\/p>\n\n\n\n<p>Umsatzsteuer-Identifikationsnummer: ATU78847802<\/p>\n\n\n\n<p><strong>Bankverbindung<\/strong><\/p>\n\n\n\n<p>Kontoinhaber: Mag. Barbara P\u00f6ll<\/p>\n\n\n\n<p>BTV Innsbruck Filiale Mitterweg<\/p>\n\n\n\n<p>BLZ 16000<\/p>\n\n\n\n<p>Konto-Nr 107045597<\/p>\n\n\n\n<p>IBAN AT041600000107045597<\/p>\n\n\n\n<p>BIC BTVAAT22<\/p>\n\n\n\n<p><strong>Urheberrecht<\/strong><\/p>\n\n\n\n<p>Falls nicht anders angegeben, unterliegen alle Teile der vorliegenden Webseite von monumentGUT|Mag. Barbara P\u00f6ll dem Urheberrecht (Copyright). Dies gilt insbesondere f\u00fcr Texte, Bilder und Grafiken. Eine Vervielf\u00e4ltigung oder Verwendung der Informationen dieser Webseite (oder von Teilen daraus) in anderen elektronischen oder gedruckten Publikationen und deren Ver\u00f6ffentlichung (auch im Internet) ist nur nach vorheriger Genehmigung durch die Firma monumentGUT|Mag. Barbara P\u00f6ll gestattet.<\/p>\n\n\n\n<p><\/p>\n\n\n\n<p><strong>Kontakt<\/strong><\/p>\n\n\n\n<p>monumentGUT|Mag. Barbara P\u00f6ll<\/p>\n\n\n\n<p>Franz-Baumann-Weg 22\/48<\/p>\n\n\n\n<p>A-6020 Innsbruck<\/p>\n\n\n\n<p>Mobil +43 680 110 45 66<\/p>\n\n\n\n<p>E-Mail monumentgut@aon.at<\/p>\n\n\n\n<p>Web monumentgut.at<\/p>\n\n\n\n<p><strong>Screendesign, Umsetzung und Betreuung der Webseite<\/strong><\/p>\n\n\n\n<p>Leonie-Hannah Huber | Grafik &amp; Fotografie<br>A-6130 Schwaz, \u00d6sterreich<br>le.ha.hu.kreativ@gmail.com<\/p>\n","protected":false},"excerpt":{"rendered":"<p>INFORMATIONSPFLICHTEN GEM\u00c4SS MEDIENGESETZ UND E-COMMERCE GESETZ Die vorliegende Website ist ein online-Angebot von monumentGUT|Mag. Barbara P\u00f6ll im Internet Unter dieser Webadresse werden Informationen zu Projekten und Leistungen des Unternehmens monumentGUT|Mag. Barbara P\u00f6ll bereitgestellt. Medieninhaber Mag. Barbara P\u00f6ll F\u00fcr den Inhalt verantwortlich monumentGUT|Mag. Barbara P\u00f6ll Franz-Baumann-Weg 22\/48 A-6020 Innsbruck Mobil +43 680 110 45 66 E-Mail [&hellip;]<\/p>\n","protected":false},"author":1,"featured_media":0,"parent":0,"menu_order":8,"comment_status":"closed","ping_status":"closed","template":"onecolumn-page.php","meta":{"footnotes":""},"class_list":["post-817","page","type-page","status-publish","hentry"],"_links":{"self":[{"href":"http:\/\/monumentgut.at\/index.php?rest_route=\/wp\/v2\/pages\/817","targetHints":{"allow":["GET"]}}],"collection":[{"href":"http:\/\/monumentgut.at\/index.php?rest_route=\/wp\/v2\/pages"}],"about":[{"href":"http:\/\/monumentgut.at\/index.php?rest_route=\/wp\/v2\/types\/page"}],"author":[{"embeddable":true,"href":"http:\/\/monumentgut.at\/index.php?rest_route=\/wp\/v2\/users\/1"}],"replies":[{"embeddable":true,"href":"http:\/\/monumentgut.at\/index.php?rest_route=%2Fwp%2Fv2%2Fcomments&post=817"}],"version-history":[{"count":9,"href":"http:\/\/monumentgut.at\/index.php?rest_route=\/wp\/v2\/pages\/817\/revisions"}],"predecessor-version":[{"id":1339,"href":"http:\/\/monumentgut.at\/index.php?rest_route=\/wp\/v2\/pages\/817\/revisions\/1339"}],"wp:attachment":[{"href":"http:\/\/monumentgut.at\/index.php?rest_route=%2Fwp%2Fv2%2Fmedia&parent=817"}],"curies":[{"name":"wp","href":"https:\/\/api.w.org\/{rel}","templated":true}]}}